d by k?
2
Suppose -15*q - 2240 = 5*q. Let b = q - -115. Let p = 7 + 12. Calculate the remainder when p is divided by b.
1
Suppose -279*z + 102970 + 60648 = -176204. What is the remainder when z is divided by 26?
22
Let n = 3703 - 3678. What is the remainder when 136 is divided by n?
11
Suppose 284 = 3*p - 187. Let a = -145 + p. Calculate the remainder when 163 is divided by a.
7
Let b = -9677 - -10536. What is the remainder when b is divided by 20?
19
Let t = -115242 + 115363. Let z(v) = 2*v**2 + 2*v - 3. Let r be z(2). Let q(l) = 4*l - 5. Calculate the remainder when t is divided by q(r).
28
What is the remainder when 119 is divided by (-8 - -7)*(18 + -32)?
7
Suppose 12*v - 10*v = -25*v + 10422. Calculate the remainder when v is divided by 113.
47
Let i = 32 + 8. Let l(v) = -2*v**3 - 16*v**2 + v + 16. Let y be l(-8). Calculate the remainder when (y/14)/((-10)/(-1365)) is divided by i.
38
Let i be (33/11)/(1 + -2 + 2). Suppose i*k + 6 = 51. Suppose 8*r + 57 = 9*r. What is the remainder when r is divided by k?
12
Let d = -1120 - -1339. What is the remainder when d is divided by 109?
1
Suppose 0 = 7*s + 795 - 11021 - 9801. What is the remainder when s is divided by 151?
143
Let k = -161 - -317. Let f = k + -92. What is the remainder when 124 is divided by f?
60
Let q = -4152 - -4214. Calculate the remainder when 131 is divided by q.
7
Let y(n) = 4*n**2 + 21*n + 31. Suppose -493*p + 486*p = -294. What is the remainder when y(-9) is divided by p?
40
Let b be -44*2*11/(-4). Let k be 2/((-4)/564*2). Let q = b + k. What is the remainder when q is divided by 13?
10
Suppose 4943*k = 4958*k - 705. Suppose 5*w - 39 = 2*w. Calculate the remainder when k is divided by w.
8
Let q = 70 + -72. Let z = q - 48. Calculate the remainder when 29 is divided by z/125*((-1)/1 - 24).
9
Let j = -6199 - -6247. Calculate the remainder when 2254 is divided by j.
46
Let a = 23038 - 22602. Calculate the remainder when a is divided by 146.
144
Let j = -95 + 87. Let p(s) be the second derivative of -s**3/3 + 4*s**2 - 13*s. What is the remainder when 92 is divided by p(j)?
20
Suppose 0 = x - 2*x + 19. Let s(i) be the third derivative of 3*i**4/8 - 13*i**3/3 - 105*i**2. What is the remainder when s(7) is divided by x?
18
Suppose -4*r + 0*r = -320. Let u(x) = 5*x - 5. Let b(p) = -6*p + 10. Let c(s) = 4*b(s) + 7*u(s). Calculate the remainder when r is divided by c(2).
26
Let b(a) be the first derivative of -a - 12 - 7/2*a**2 + 1/4*a**4 + 2/3*a**3. What is the remainder when 84 is divided by b(-3)?
7
Let p = -736 - -137. Let g = p - -626. Calculate the remainder when 73 is divided by g.
19
Suppose -f + 3 = -0*f. Let r(p) = p**2 - 17*p + 51. Calculate the remainder when r(14) is divided by f.
0
Let n(m) = -104 - 24*m - 51 + 53*m**2 + 47*m**2 - 99*m**2. Suppose -2*g + 2 + 84 = 0. Calculate the remainder when g is divided by n(-6).
18
Let i = 27 - 21. Calculate the remainder when (-32)/(32/(-10) + i/2) is divided by 54.
52
Let a be (2565/54)/(1 - 6/4). Let v = 68 + a. What is the remainder when 9/(v/(-30))*4 is divided by 14?
12
Let l = 173 + -171. Suppose 3*r - 23 = -l*u + 20, 5*r = -4*u + 81. What is the remainder when 179 is divided by u?
11
Let n(k) = 3*k**2 - 453*k + 3262. Calculate the remainder when n(7) is divided by 229.
9
Suppose -39*d + 40*d = -237. Let z = -233 - d. Suppose 4*p - 16 = 0, -4*g + 5*p + 36 = -0*g. What is the remainder when g is divided by z?
2
Let t(o) = o**2 + 42*o + 356. Calculate the remainder when 243 is divided by t(-32).
27
Let w = 6785 + -6770. Calculate the remainder when 444 is divided by w.
9
Let z be (-3)/((-33)/22) + 5/(-1). Calculate the remainder when 18 is divided by 5 + z/((-21)/56).
5
Let j = 14 - 11. Suppose 0 - 15 = 5*p + 5*l, 1 = -j*p - l. Suppose -1818*g + 1817*g = -7. Calculate the remainder when g is divided by p.
0
Let h be (2/(-4))/(((-21)/(-5810))/(-3)). Suppose h = 2*c + 3*r, -89 + 1138 = 5*c - 4*r. What is the remainder when c is divided by 42?
41
Calculate the remainder when 2269 is divided by (-641)/(-20) + 427/(-8540).
29
Suppose -4*f - 4*n + 27 = -41, f - 4*n = 27. Let r = f + -2. What is the remainder when -1 - (-1)/(1/48) is divided by r?
13
Suppose 335 = -2*h + 355. Suppose -3*z = -2*w - 1012, 2*w = 4*z + 7*w - 1334. Calculate the remainder when z is divided by h.
6
Suppose -2*m + 3 = -7. Suppose -4 = -3*k + 2*s, -5*s + m = -2*k - 7. What is the remainder when 52 + 3 + (-12)/k is divided by 8?
4
Let f be 12/3*((1 - -177) + -5). Let u = f - 201. Calculate the remainder when u is divided by 26.
23
Suppose 22 = -z + 5*p, 5*z - 3*p + 10 = 2*p. Suppose -x = -z*x + 94. Calculate the remainder when x is divided by (38/6)/(39/117).
9
Let k = -2521 + 3598. Calculate the remainder when k is divided by 125.
77
Let l = 7 - -1. Let h(b) = 123*b + 15139. What is the remainder when h(-122) is divided by l?
5
Let b be 2/8 + (-617)/4. Let k = -149 - b. Suppose k*t - 65 = -0*t. What is the remainder when 16 is divided by t?
3
Let v be 5384/14 + (-6)/(-14). Suppose -v = -8*u + 143. Calculate the remainder when 195 is divided by u.
63
Let o(u) = u**3 + 19*u**2 + 12*u + 296. What is the remainder when o(-18) is divided by 12?
8
Suppose -4*x + 3*x + 83 = 0. Suppose -159*r + 246 = -549. What is the remainder when x is divided by r?
3
Let t(o) = 5*o - 143. Let p be t(29). Let c(f) = -20*f**3 + f**2 + f + 1. Calculate the remainder when c(-1) is divided by (-2 + 3)*22/(4/p).
10
Suppose 0 = h - 5*z - 40, -5*h + 7*z - 9*z + 173 = 0. What is the remainder when 2478 is divided by h?
28
Let s = 3511 + -3316. What is the remainder when 1178 is divided by s?
8
Suppose 64*l - 61*l - 6*h - 1578 = 0, 0 = -2*l - 4*h + 1068. Calculate the remainder when l is divided by 20.
10
Let m = -39 + 44. Suppose 572 = m*n + 7. Suppose 0 = -5*w - d - d + 145, -w + 29 = -3*d. What is the remainder when n is divided by w?
26
Let w(h) = 48*h + 2. Let x be w(1). Let a = x + -50. Suppose 5*k + j - 243 = a, -4*k + 8*j - 3*j = -206. What is the remainder when k is divided by 17?
15
Let j = 80 - -9. Suppose -8444 = 49*t - 10355. What is the remainder when j is divided by t?
11
Let c = -19092 + 19155. Let o(r) = r**2 + 2*r - 3. Let t be o(-3). Suppose 0 = -t*k - k + 34. Calculate the remainder when c is divided by k.
29
Suppose -6 = 2*x + 3*k, 0 = 3*x + k + 3*k + 11. Suppose -5*a + 34 = 4*m, -m + 6*m + 25 = 5*a. Calculate the remainder when (476/a)/((-3)/x) is divided by 40.
38
Suppose -4*a + 11 = -65. Suppose -5*i = -5*x - 2850, 5*i + 0*x - x - 2862 = 0. Let b = 607 - i. Calculate the remainder when b is divided by a.
15
Calculate the remainder when 8153 is divided by ((-3)/(-10))/((-42)/(-3780)).
26
Let n be (-1 - -11)/((105/50)/(-21)). Let x = n - -127. What is the remainder when 79 is divided by x?
25
Suppose 54*r - 2 = 35152. Calculate the remainder when r is divided by 641.
10
Let v = -318 + 321. Suppose 0 = -v*g + 134 + 160. Calculate the remainder when g is divided by 29.
11
Let u = 268 + -481. Let i = -949 - -877. What is the remainder when (-1)/(u/i + -3) is divided by 9?
6
Let k(t) = -7*t**2 - 213*t - 19. Calculate the remainder when 1251 is divided by k(-8).
14
Let d(f) = 44*f + 33. Suppose -u - 3*i = -1, 3*i + 2*i = 3*u - 17. Calculate the remainder when d(u) is divided by 10.
9
Let y(i) = -i**2 - 5*i + 51. Let b be y(5). Calculate the remainder when 63 is divided by (-94)/(-5) - b*(-1)/5.
6
Suppose 472 = 19*w - 228 + 149. Let a(f) = 2*f - 11. What is the remainder when w is divided by a(8)?
4
Suppose -5*n - 2*q + 6770 = 0, -6765 = -5*n - 38*q + 35*q. What is the remainder when n is divided by 41?
3
Let p = 7845 + 925. What is the remainder when p is divided by 51?
49
Suppose 169 - 25 = 3*z. Calculate the remainder when 1/(-1 - (-50)/z) is divided by (-2)/6 + (-160)/(-12).
11
Let s(v) = v**3 - 14*v**2 + v - 3. Suppose 0 = -4*r - 5*f + 128 + 121, 5*f + 300 = 5*r. Calculate the remainder when r is divided by s(14).
6
Let a be ((-72)/(-15))/(-2)*5. What is the remainder when 1*(6/(-9))/(a/342) is divided by ((-20 - 0) + -1*2)/(-2)?
8
Let r(b) = -b + 11. Let z be 4/2*2 - -6. Let x be r(z). Suppose u = x + 9. Calculate the remainder when 29 is divided by u.
9
Suppose -l = 0, -32*m + 35*m - 1008 = -2*l. What is the remainder when m is divided by 71?
52
Calculate the r